 199 = 77. Let w = a - -150. What is the tens digit of w?
8
Let q be ((-6)/(-6))/((-2)/(-14)). Let b = 12 + 2. Let h = b + q. What is the units digit of h?
1
Suppose 0*w - 2*w - 4*m + 1382 = 0, -w - 4*m = -699. What is the tens digit of w?
8
Suppose -3*c - 2*o = -13, -5*c + 5*o + 30 = -0*o. Suppose -11 + 1 = c*h. What is the tens digit of -3 - (h + 5*-6)?
2
Suppose -2*l - o + 7 = 3, 2*l - 4*o + 16 = 0. Suppose -r + 10 - 4 = l. What is the units digit of r?
6
Suppose -3*b + 23 = -28. Suppose o - b = -4*f - 2, 0 = 4*o - 4*f. Let p(i) = 21*i - 7. What is the tens digit of p(o)?
5
Let l(s) be the second derivative of 28*s**5/5 - s**4/12 + s**3/6 - s**2/2 + 19*s. What is the tens digit of l(1)?
1
Let f(h) = h - 1. Let d(c) = 2*c + 5. Let s(u) = -d(u) + 5*f(u). Let n be s(6). What is the tens digit of (n/10)/(4/170)?
3
What is the hundreds digit of 25/5 + 193 + 4?
2
Let c = 4 - 1. Suppose 2*q + 4*p + 5 + c = 0, 0 = 3*q + p - 13. Let b = q - -17. What is the tens digit of b?
2
Let x = 401 - 153. What is the hundreds digit of x?
2
Let x(v) = v - 4. Let m be x(-3). Let g = m - -11. What is the units digit of 10/(-4)*(-6 + g)?
5
Let i(b) = -b**3 - 8*b**2 - 4*b + 2. Suppose 11*p - 8*p + 24 = 0. Let r be i(p). Suppose -3*k + r + 17 = 0. What is the tens digit of k?
1
Suppose -28 = -2*f + 4*d, 0 = -5*f + f + 5*d + 47. Suppose -4*s = -f*s + 44. Let p = s + 1. What is the units digit of p?
2
Let q = 9 + -7. Suppose 2*u - q = 8. Let f = u + 5. What is the tens digit of f?
1
Let u = 3791 + -1944. What is the tens digit of u?
4
What is the tens digit of 726 - 6/(-8)*32/(-6)?
2
Suppose 173 = -3*u + 185. What is the tens digit of (302/3)/(u/6)?
5
Let o = -11 + 14. Suppose -o*f = -j - f + 96, -384 = -4*j - 2*f. Let i = -68 + j. What is the units digit of i?
8
Let z be (-170)/(-4)*((-310)/(-25) + -6). Suppose 13*j = 534 + z. What is the tens digit of j?
6
Suppose 29*t + 29023 = 104075. What is the tens digit of t?
8
Let j = 20 + -18. Suppose 2*s + 5*n - 56 = 0, 2*s = j*n + n + 88. What is the tens digit of s?
3
Let f be (-6)/4*(-11908)/39. Let w = -182 + f. What is the tens digit of w?
7
Suppose 3*r - 6*r - 80 = -2*m, 5*m = r + 187. Let f = m + 37. What is the units digit of f?
4
Let o(q) = 19*q - 3. What is the tens digit of o(16)?
0
Let m = 499 - -230. What is the hundreds digit of m?
7
Let u(c) = -2*c - 6. Suppose -4*d - 10 = -z, -4*d + 3*z = d + 9. Let x be u(d). Suppose 66 = -x*w + 3*w. What is the tens digit of w?
2
What is the units digit of 2/(-7) + (-330237)/(-189)?
7
Suppose -27*x + 32*x + 6765 = 5*w, -3 = -x. What is the units digit of w?
6
Let a(y) = 3*y**3 - 7*y**2 - 80*y - 4. What is the tens digit of a(10)?
9
Suppose 4*r + 191 = -5*t + r, -132 = 3*t - 4*r. Let d = t - -58. What is the units digit of d?
8
What is the units digit of 53736/32 + -9 - 3/(-4)?
1
Suppose 5*c + 5 = t + 13, 5*c + 3*t - 16 = 0. Suppose c*d - 285 = -5*y, 3*d - 257 - 205 = 4*y. What is the hundreds digit of d?
1
Suppose -4*r + 4216 = 2*i, -6*i + i = -2*r + 2084. What is the tens digit of r?
5
Suppose -11*u = -6*u - 20960. Suppose -8*y - 8*y + u = 0. What is the units digit of y?
2
Let n be -235 - (12/4 + -2). Let q = -164 - n. Suppose 0 = p - 3*g - 8, 5*p + 3*g = 2*g + q. What is the units digit of p?
4
Let p = 220 - 56. What is the units digit of p?
4
Let y(x) = 5*x**2 + 5*x + 107. What is the units digit of y(10)?
7
Let i = 4089 + -2737. What is the hundreds digit of i?
3
Suppose 8*k = 4*k - u + 6587, 0 = 2*u - 6. What is the tens digit of k?
4
Suppose -5*r + 504 = -7*r + 2*g, -1266 = 5*r - 2*g. Let p = -137 - r. What is the hundreds digit of p?
1
Let q = 3 - -5. Suppose 0 = q*h - 9*h + 37. What is the units digit of h?
7
Suppose -12*x = -6321 + 285. What is the tens digit of x?
0
Let p = -45 + 32. Let o(s) = s**3 + 15*s**2 + 21*s + 21. What is the units digit of o(p)?
6
Let o(n) = 19*n**3 - 13*n**2 + 34*n + 28. What is the thousands digit of o(7)?
6
Let v(x) = -x**3 + 2*x**2 + 3*x - 4. Let s = 5 + -10. Let b(z) = -2*z**3 + 4*z**2 + 5*z - 8. Let k(y) = s*v(y) + 2*b(y). What is the tens digit of k(4)?
1
Suppose 0 = 2*y + 2*y - 4*l - 40, 2*l - 45 = -3*y. Let t(u) = -7*u + 12*u + 0*u + y*u - 10. What is the units digit of t(5)?
0
Let r = 3 - -2. Suppose 3*l + 30 = r*l. Suppose 0 = -2*k + l + 45. What is the units digit of k?
0
Suppose f + 84 = -3*f. Let b be (-8)/32 - f/4. Suppose -36 = -b*r + 44. What is the units digit of r?
6
Suppose -3*b + n = -14, 0*n - 4*n + 4 = 0. Let s be (4/b)/(2/(-115)). What is the units digit of -4 - ((-2 - -4) + s)?
0
Suppose 2*j - 12 = 5*r - 2, 0 = 2*j + r - 10. Suppose -z = -3*c + 200, j*c - z = -0*z + 330. What is the units digit of c?
5
Let p(f) = f**2 + 5*f + 4. Let h be p(-5). Suppose 0*b = -3*b + 5*n + 4, -3*n + 15 = h*b. What is the units digit of b?
3
Let g(a) = 30*a - 6. Let l be 6 + (-1 - 5 - -3). What is the tens digit of g(l)?
8
Suppose 4*p - 8 = 2*s, p + p - 2 = 2*s. Let g(f) = 2*f. What is the units digit of g(s)?
4
Suppose -11 = -i - 3*v - 3, 8 = 2*i - 2*v. Let p = i - -63. What is the tens digit of p?
6
Let g be (4/10)/((-2)/(-10)). Let i be (-5)/(-1) - (-15)/(-3). Suppose g*r - 52 = -i*r. What is the tens digit of r?
2
Let v(x) = 22*x**3 - 3*x**2 + 6*x - 29. What is the tens digit of v(3)?
5
Let r = 697 - 421. What is the tens digit of r?
7
Suppose -o = -2*x - 814, 2*o + 2*x = 7*o - 4078. What is the tens digit of o?
1
Let q be (40/50)/(4/(-50)). Let o be ((-75)/q)/((-1)/(-2)). Suppose 0 = 2*h - o - 47. What is the units digit of h?
1
Suppose -27*h - 130095 = -86*h. What is the tens digit of h?
0
Suppose -2*s - 980 = -2*m, -2085 = -6*m - 2*s + 879. What is the hundreds digit of m?
4
Suppose 5 + 3 = -2*l. Let k(n) be the second derivative of -n**5/20 - n**4/12 - n**2 - 106*n. What is the units digit of k(l)?
6
Let y(v) be the second derivative of -v**6/144 - 7*v**5/120 + v**4/4 - v. Let m(b) be the third derivative of y(b). What is the units digit of m(-5)?
8
Suppose 12*u = 4*u + 1888. What is the tens digit of u?
3
Let s(c) = 12*c - 5. What is the units digit of s(23)?
1
Let j be (9/(-15))/(-1) + 34/10. Suppose -j*q - 22 = -162. What is the tens digit of q?
3
Suppose 2*r + 8 + 4 = 0. Let w be (-910)/(-21) + 2/r. Let y = w - -22. What is the tens digit of y?
6
Let f(p) = p**2 - 6*p - 8. Let z be f(7). Let m = z + 1. What is the tens digit of 12 + -13 + (m - -24)?
2
Let j be 624/6 - (-3 + 2). What is the tens digit of (j/(-9))/(6/(-18))?
3
Let l be (-4)/(-32) - (-2402)/(-16). Let r = -67 - l. What is the units digit of r?
3
Let p(g) = 3*g**2 - 36*g + 30. Let q(j) = -8*j**2 + 107*j - 91. Let v(a) = -11*p(a) - 4*q(a). What is the hundreds digit of v(-15)?
2
Let t(l) = l**2 - 17*l - 64. What is the tens digit of t(24)?
0
What is the hundreds digit of (28112/(-252))/((-2)/9)?
5
Suppose -11*p - 584 = -13*p. What is the hundreds digit of p?
2
Let o = 1862 - 1155. What is the tens digit of o?
0
Suppose 60*x - 112560 = -39660. What is the thousands digit of x?
1
Let b = -21 + 52. Let a = b + -3. What is the units digit of a?
8
Suppose -3*j = j + z + 7, -3*j + 12 = -5*z. Let r be 2/(-4) + 5/(-2). What is the units digit of (0 - 1)*j - r?
4
Suppose -3*y + 34 = 2*p, -p + 123 = 4*p - 2*y. Suppose 0*h + 68 = -4*h. Let c = h + p. What is the units digit of c?
6
Suppose 5*n + 0*n = -5*z + 12005, 9609 = 4*n + 5*z. What is the thousands digit of n?
2
Suppose -4*x + 3*r = r - 26, 2*x - 4*r - 28 = 0. Suppose x*p - 13 = -5. Suppose -2*c = -38 - p. What is the tens digit of c?
2
Suppose -28*d + 12191 = 1719. What is the tens digit of d?
7
Suppose -3*j + l + 26 = 0, -j - 8*l + 3*l + 30 = 0. Suppose 0 = -8*x + j*x - 80. What is the units digit of x?
0
Suppose 808 + 19712 = 60*k. What is the tens digit of k?
4
Let d = -13 + 15. Suppose -5*i = -2*k + 58, d*k - 29 = k - 2*i. Let o = k + 15. What is the units digit of o?
4
Let l(m) = -4*m**3 + 10*m**2 + 4. Let s(t) = 5*t**3 - 11*t**2 - t - 4. Let z(f) = -4*l(f) - 3*s(f). Let i = 39 - 32. What is the units digit of z(i)?
7
Suppose 15*k - 8*k - 8463 = 0. What is the tens digit of k?
0
Let a = -70 - -69. What is the units digit of (0 + a/3)*-357?
9
Let b(a) = -a. Let c be b(-1). What is the units digit of 60 - (-4 + 0)*c?
4
Let w = 6340 - 3176. What is the units digit of w?
4
Suppose -2*z = 4 - 168. What is t